{"id":133,"date":"2023-03-01T16:05:00","date_gmt":"2023-03-01T15:05:00","guid":{"rendered":"https:\/\/codepaube-ffvelo.fr\/admin0\/?page_id=133"},"modified":"2026-03-06T09:19:27","modified_gmt":"2026-03-06T08:19:27","slug":"compte-rendu-co-dir","status":"publish","type":"page","link":"https:\/\/codepaube-ffvelo.fr\/admin0\/compte-rendu-co-dir\/","title":{"rendered":"Comptes-rendus du Comit\u00e9 Directeur"},"content":{"rendered":"\n<p><\/p>\n\n\n\n<h3 class=\"wp-block-heading has-black-color has-text-color\">Comptes-rendus des r\u00e9unions du Comit\u00e9 Directeur.<\/h3>\n\n\n\n<p><\/p>\n\n\n\n<p>2026<\/p>\n\n\n\n<ul class=\"wp-block-list\">\n<li><a href=\"https:\/\/codepaube-ffvelo.fr\/admin0\/wp-content\/uploads\/2026\/03\/CR_Reunion_Dirigeants_6_fevrier_2026.pdf\">CR r\u00e9union dirigeants 6 f\u00e9vrier.<\/a><\/li>\n\n\n\n<li><a href=\"https:\/\/codepaube-ffvelo.fr\/admin0\/wp-content\/uploads\/2026\/03\/Projet_CR_CODEP_2_fevrier_2026.pdf\">CR r\u00e9union comit\u00e9 directeur 1 f\u00e9vrier.<\/a><\/li>\n<\/ul>\n\n\n\n<p>2025<\/p>\n\n\n\n<ul class=\"wp-block-list\">\n<li><a href=\"https:\/\/codepaube-ffvelo.fr\/admin0\/wp-content\/uploads\/2025\/12\/CR_AG_CODEP_2025.pdf\">CR assembl\u00e9e g\u00e9n\u00e9rale.<\/a><\/li>\n\n\n\n<li><a href=\"https:\/\/codepaube-ffvelo.fr\/admin0\/wp-content\/uploads\/2025\/12\/Projet_CR_CODEP_1_decembre_2025-1.pdf\">CR r\u00e9union comit\u00e9 directeur 1 d\u00e9cembre<\/a>.<\/li>\n\n\n\n<li><a href=\"https:\/\/codepaube-ffvelo.fr\/admin0\/wp-content\/uploads\/2025\/12\/Projet_CR_CODEP_7_novembre_2025-1.pdf\">CR r\u00e9union comit\u00e9 directeur 7 novembre.<\/a><\/li>\n\n\n\n<li><a href=\"https:\/\/codepaube-ffvelo.fr\/admin0\/wp-content\/uploads\/2025\/12\/Projet_CR_CODEP_15_septembre_2025.pdf\">CR r\u00e9union comit\u00e9 directeur 15 septembr<\/a>e.<\/li>\n\n\n\n<li><a href=\"https:\/\/codepaube-ffvelo.fr\/admin0\/wp-content\/uploads\/2025\/05\/Projet_CR_CODEP_19_mai_2025.pdf\">CR r\u00e9union comit\u00e9 directeur 19 mai.<\/a><\/li>\n\n\n\n<li><a href=\"https:\/\/codepaube-ffvelo.fr\/admin0\/wp-content\/uploads\/2025\/03\/Projet_CR_CODEP_24_mars_2025.pdf\">CR r\u00e9union comit\u00e9 directeur 24 mars.<\/a><\/li>\n\n\n\n<li><a href=\"https:\/\/codepaube-ffvelo.fr\/admin0\/wp-content\/uploads\/2025\/03\/Projet_CR_CODEP_Dirigeants_21_fev_2025.pdf\">CR r\u00e9union dirigeant  21 f\u00e9vrier.<\/a><\/li>\n\n\n\n<li><a href=\"https:\/\/codepaube-ffvelo.fr\/admin0\/wp-content\/uploads\/2025\/01\/Projet_CR_CODEP_13_janv_2025.pdf\">CR_r\u00e9union comit\u00e9 directeur 13 janvier.<\/a><\/li>\n<\/ul>\n\n\n\n<h4 class=\"wp-block-heading\">2024<\/h4>\n\n\n\n<p><\/p>\n\n\n\n<ul class=\"wp-block-list\">\n<li><a href=\"https:\/\/codepaube-ffvelo.fr\/admin0\/wp-content\/uploads\/2024\/02\/CR_CODEP_CoDep_15_janv_2024.pdf\">CR &#8211; R\u00e9union du 15 Janvier 2024<\/a>.<\/li>\n\n\n\n<li><a href=\"https:\/\/codepaube-ffvelo.fr\/admin0\/wp-content\/uploads\/2024\/12\/Projet_CR_CODEP_15_avril_2024.pdf\">CR &#8211; R\u00e9union du 4 avril 2024<\/a>.<\/li>\n\n\n\n<li><a href=\"https:\/\/codepaube-ffvelo.fr\/admin0\/wp-content\/uploads\/2024\/12\/Projet_CR_CoDep_24_juin_2024.pdf\">CR &#8211; R\u00e9union du 4 Juin 2024.<\/a><\/li>\n\n\n\n<li><a href=\"https:\/\/codepaube-ffvelo.fr\/admin0\/wp-content\/uploads\/2024\/12\/Projet_CR_CODEP_14_oct_2024.pdf\">CR &#8211; R\u00e9union du 14 octobre 2024.<\/a><\/li>\n\n\n\n<li><a href=\"https:\/\/codepaube-ffvelo.fr\/admin0\/wp-content\/uploads\/2024\/12\/Projet_CR_CODEP_4_nov_2024.pdf\">CR &#8211; R\u00e9union du 4 novembre 2024.<\/a><\/li>\n\n\n\n<li>CR &#8211; R\u00e9union du 29 novembre 2024.<\/li>\n<\/ul>\n\n\n\n<p><\/p>\n\n\n\n<p><\/p>\n\n\n\n<p><\/p>\n\n\n\n<details class=\"wp-block-details is-layout-flow wp-block-details-is-layout-flow\"><summary><\/summary>\n<h3 class=\"wp-block-heading\">PV Assembl\u00e9es G\u00e9n\u00e9rales.<\/h3>\n\n\n\n<p><a href=\"https:\/\/codepaube-ffvelo.fr\/admin0\/wp-content\/uploads\/2024\/12\/Projet_CR_CODEP_29_nov_2024-1.pdf\">PV &#8211; Assembl\u00e9e G\u00e9n\u00e9rale 2024.<\/a><\/p>\n\n\n\n<p><a href=\"https:\/\/codepaube-ffvelo.fr\/admin0\/wp-content\/uploads\/2022\/04\/cr_ag_18_nov_2021.pdf\">PC &#8211; Assembl\u00e9e G\u00e9n\u00e9ral 2021<\/a><\/p>\n<\/details>\n\n\n\n<p><\/p>\n","protected":false},"excerpt":{"rendered":"<p>Comptes-rendus des r\u00e9unions du Comit\u00e9 Directeur. 2026 2025 2024<\/p>\n","protected":false},"author":10,"featured_media":1067,"parent":0,"menu_order":1,"comment_status":"closed","ping_status":"closed","template":"","meta":{"footnotes":""},"class_list":["post-133","page","type-page","status-publish","has-post-thumbnail","hentry"],"_links":{"self":[{"href":"https:\/\/codepaube-ffvelo.fr\/admin0\/wp-json\/wp\/v2\/pages\/133","targetHints":{"allow":["GET"]}}],"collection":[{"href":"https:\/\/codepaube-ffvelo.fr\/admin0\/wp-json\/wp\/v2\/pages"}],"about":[{"href":"https:\/\/codepaube-ffvelo.fr\/admin0\/wp-json\/wp\/v2\/types\/page"}],"author":[{"embeddable":true,"href":"https:\/\/codepaube-ffvelo.fr\/admin0\/wp-json\/wp\/v2\/users\/10"}],"replies":[{"embeddable":true,"href":"https:\/\/codepaube-ffvelo.fr\/admin0\/wp-json\/wp\/v2\/comments?post=133"}],"version-history":[{"count":89,"href":"https:\/\/codepaube-ffvelo.fr\/admin0\/wp-json\/wp\/v2\/pages\/133\/revisions"}],"predecessor-version":[{"id":1079,"href":"https:\/\/codepaube-ffvelo.fr\/admin0\/wp-json\/wp\/v2\/pages\/133\/revisions\/1079"}],"wp:featuredmedia":[{"embeddable":true,"href":"https:\/\/codepaube-ffvelo.fr\/admin0\/wp-json\/wp\/v2\/media\/1067"}],"wp:attachment":[{"href":"https:\/\/codepaube-ffvelo.fr\/admin0\/wp-json\/wp\/v2\/media?parent=133"}],"curies":[{"name":"wp","href":"https:\/\/api.w.org\/{rel}","templated":true}]}}

Comptes-rendus du Comité Directeur

<p></p>



<h3 class="wp-block-heading has-black-color has-text-color">Comptes-rendus des réunions du Comité Directeur.</h3>



<p></p>



<p>2026</p>



<ul class="wp-block-list">
<li><a href="https://codepaube-ffvelo.fr/admin0/wp-content/uploads/2026/03/CR_Reunion_Dirigeants_6_fevrier_2026.pdf">CR réunion dirigeants 6 février.</a></li>



<li><a href="https://codepaube-ffvelo.fr/admin0/wp-content/uploads/2026/03/Projet_CR_CODEP_2_fevrier_2026.pdf">CR réunion comité directeur 1 février.</a></li>
</ul>



<p>2025</p>



<ul class="wp-block-list">
<li><a href="https://codepaube-ffvelo.fr/admin0/wp-content/uploads/2025/12/CR_AG_CODEP_2025.pdf">CR assemblée générale.</a></li>



<li><a href="https://codepaube-ffvelo.fr/admin0/wp-content/uploads/2025/12/Projet_CR_CODEP_1_decembre_2025-1.pdf">CR réunion comité directeur 1 décembre</a>.</li>



<li><a href="https://codepaube-ffvelo.fr/admin0/wp-content/uploads/2025/12/Projet_CR_CODEP_7_novembre_2025-1.pdf">CR réunion comité directeur 7 novembre.</a></li>



<li><a href="https://codepaube-ffvelo.fr/admin0/wp-content/uploads/2025/12/Projet_CR_CODEP_15_septembre_2025.pdf">CR réunion comité directeur 15 septembr</a>e.</li>



<li><a href="https://codepaube-ffvelo.fr/admin0/wp-content/uploads/2025/05/Projet_CR_CODEP_19_mai_2025.pdf">CR réunion comité directeur 19 mai.</a></li>



<li><a href="https://codepaube-ffvelo.fr/admin0/wp-content/uploads/2025/03/Projet_CR_CODEP_24_mars_2025.pdf">CR réunion comité directeur 24 mars.</a></li>



<li><a href="https://codepaube-ffvelo.fr/admin0/wp-content/uploads/2025/03/Projet_CR_CODEP_Dirigeants_21_fev_2025.pdf">CR réunion dirigeant  21 février.</a></li>



<li><a href="https://codepaube-ffvelo.fr/admin0/wp-content/uploads/2025/01/Projet_CR_CODEP_13_janv_2025.pdf">CR_réunion comité directeur 13 janvier.</a></li>
</ul>



<h4 class="wp-block-heading">2024</h4>



<p></p>



<ul class="wp-block-list">
<li><a href="https://codepaube-ffvelo.fr/admin0/wp-content/uploads/2024/02/CR_CODEP_CoDep_15_janv_2024.pdf">CR &#8211; Réunion du 15 Janvier 2024</a>.</li>



<li><a href="https://codepaube-ffvelo.fr/admin0/wp-content/uploads/2024/12/Projet_CR_CODEP_15_avril_2024.pdf">CR &#8211; Réunion du 4 avril 2024</a>.</li>



<li><a href="https://codepaube-ffvelo.fr/admin0/wp-content/uploads/2024/12/Projet_CR_CoDep_24_juin_2024.pdf">CR &#8211; Réunion du 4 Juin 2024.</a></li>



<li><a href="https://codepaube-ffvelo.fr/admin0/wp-content/uploads/2024/12/Projet_CR_CODEP_14_oct_2024.pdf">CR &#8211; Réunion du 14 octobre 2024.</a></li>



<li><a href="https://codepaube-ffvelo.fr/admin0/wp-content/uploads/2024/12/Projet_CR_CODEP_4_nov_2024.pdf">CR &#8211; Réunion du 4 novembre 2024.</a></li>



<li>CR &#8211; Réunion du 29 novembre 2024.</li>
</ul>



<p></p>



<p></p>



<p></p>



<details class="wp-block-details is-layout-flow wp-block-details-is-layout-flow"><summary></summary>
<h3 class="wp-block-heading">PV Assemblées Générales.</h3>



<p><a href="https://codepaube-ffvelo.fr/admin0/wp-content/uploads/2024/12/Projet_CR_CODEP_29_nov_2024-1.pdf">PV &#8211; Assemblée Générale 2024.</a></p>



<p><a href="https://codepaube-ffvelo.fr/admin0/wp-content/uploads/2022/04/cr_ag_18_nov_2021.pdf">PC &#8211; Assemblée Général 2021</a></p>
</details>



<p></p>

<p>Comptes-rendus des réunions du Comité Directeur. 2026 2025 2024</p>
