{"id":126,"date":"2022-03-24T22:45:47","date_gmt":"2022-03-24T21:45:47","guid":{"rendered":"https:\/\/codepaube-ffvelo.fr\/admin0\/?page_id=126"},"modified":"2025-01-21T10:02:47","modified_gmt":"2025-01-21T09:02:47","slug":"valorisation-recompense","status":"publish","type":"page","link":"https:\/\/codepaube-ffvelo.fr\/admin0\/valorisation-recompense\/","title":{"rendered":"Valorisation &#038; R\u00e9compenses"},"content":{"rendered":"<p><span>Les clubs cyclotouristes aubois rassemblent pr\u00e8s de 800 licenci\u00e9s, ils fonctionnent gr\u00e2ce au d\u00e9vouement d\u2019un certain nombre de b\u00e9n\u00e9voles, ils \u0153uvrent souvent depuis des ann\u00e9es au sein de leurs associations.<\/span><br \/><span>Le CODEP 10 de cyclotourisme souhaite inciter les clubs \u00e0 r\u00e9compenser leurs b\u00e9n\u00e9voles en demandant l\u2019attribution de distinctions honorifiques (dipl\u00f4mes et m\u00e9dailles).<\/span><br \/><span>Cr\u00e9\u00e9s en 1953 par la F\u00e9d\u00e9ration Fran\u00e7aise de Cyclotourisme, les distinctions f\u00e9d\u00e9rales sont class\u00e9es en deux cat\u00e9gories :<\/span><\/p>\n<ul>\n<li>Celles attribu\u00e9es par les structures d\u00e9partementales et r\u00e9gionales : CODEP et COREG.<\/li>\n<li>Celles attribu\u00e9es par le Comit\u00e9 Directeur F\u00e9d\u00e9ral de la FFv\u00e9lo.<\/li>\n<\/ul>\n\n\n<figure class=\"wp-block-image size-full\"><img loading=\"lazy\" decoding=\"async\" width=\"960\" height=\"640\" src=\"https:\/\/codepaube-ffvelo.fr\/admin0\/wp-content\/uploads\/2022\/03\/diplome.jpg\" alt=\"\" class=\"wp-image-91\" srcset=\"https:\/\/codepaube-ffvelo.fr\/admin0\/wp-content\/uploads\/2022\/03\/diplome.jpg 960w, https:\/\/codepaube-ffvelo.fr\/admin0\/wp-content\/uploads\/2022\/03\/diplome-300x200.jpg 300w, https:\/\/codepaube-ffvelo.fr\/admin0\/wp-content\/uploads\/2022\/03\/diplome-768x512.jpg 768w, https:\/\/codepaube-ffvelo.fr\/admin0\/wp-content\/uploads\/2022\/03\/diplome-360x240.jpg 360w\" sizes=\"auto, (max-width: 960px) 100vw, 960px\" \/><\/figure>\n\n\n<ol>\n<li><span style=\"color: #0000ff;\"><strong>Les r\u00e9compenses attribu\u00e9es par les structures d\u00e9partementales et r\u00e9gionales<\/strong><\/span> :\n<ul>\n<li><span style=\"text-decoration: underline;\"><b>Le M\u00e9rite du Cyclotourisme<\/b><\/span>, attribu\u00e9 par le CODEP de l\u2019Aube, est un insigne destin\u00e9 \u00e0 r\u00e9compenser les dirigeants et les membres de clubs affili\u00e9s, ainsi que les adh\u00e9rents individuels qui, par leur implication dans la vie de leur club ou du Comit\u00e9 d\u00e9partemental, participent au d\u00e9veloppement du cyclotourisme dans leur d\u00e9partement. Cet insigne ne peut \u00eatre d\u00e9cern\u00e9 qu\u2019aux licenci\u00e9s FFv\u00e9lo, depuis au moins 2 ans et \u00e2g\u00e9s de 18 ans au minimum.<\/li>\n<li><span style=\"text-decoration: underline;\"><b>Le Dipl\u00f4me de Reconnaissance F\u00e9d\u00e9rale<\/b><\/span>, d\u00e9cern\u00e9 par le COREG du Grand Est, en accord avec le CODEP, ou sur proposition de celui-ci, est un insigne destin\u00e9 \u00e0 r\u00e9compenser : un licenci\u00e9 de la FFv\u00e9lo, depuis au moins 5 ans et \u00e2g\u00e9 de 18 ans minimum, ou un club.<\/li>\n<\/ul>\n<\/li>\n<li><strong><span style=\"color: #0000ff;\">Les r\u00e9compenses attribu\u00e9es par le Comit\u00e9 Directeur F\u00e9d\u00e9ral de la FFv\u00e9lo<\/span><\/strong>.\n<ul>\n<li><span style=\"text-decoration: underline;\"><b>La m\u00e9daille d\u2019argent<\/b>&nbsp;<\/span>destin\u00e9e \u00e0 r\u00e9compenser : un(e) pr\u00e9sident(e) de club, un membre du bureau de CODEP, du COREG, un membre du Comit\u00e9 Directeur F\u00e9d\u00e9ral. Le candidat devra \u00eatre licenci\u00e9 depuis au moins 15 ans, en activit\u00e9 ou non, et avoir au moins 8 ans de mandat(s) \u00e9lectif(s). Il devra \u00eatre titulaire de la m\u00e9daille de bronze depuis au moins 5 ans.<\/li>\n<li><span style=\"text-decoration: underline;\"><b>La m\u00e9daille d\u2019or<\/b><\/span><span>&nbsp;<\/span>ne pourra \u00eatre attribu\u00e9e qu\u2019\u00e0 titre tout \u00e0 fait exceptionnel. Le candidat devra \u00eatre licenci\u00e9 depuis au moins 30 ans et avoir eu au moins 16 ans de mandat(s) \u00e9lectif(s). Il devra \u00eatre titulaire de la m\u00e9daille d\u2019argent depuis au moins 10 ans.<\/li>\n<\/ul>\n<\/li>\n<li><strong><span style=\"color: #0000ff;\">Autre r\u00e9compense<\/span><\/strong> :\n<ul>\n<li><span style=\"text-decoration: underline;\"><b>La m\u00e9daille de la jeunesse, des sports et de l\u2019engagement associatif<\/b><\/span><span>&nbsp;<\/span>(MJSEA) : Cr\u00e9e en 1969, cette m\u00e9daille est destin\u00e9e \u00e0 r\u00e9compenser les personnes qui se sont distingu\u00e9es au service d\u2019une association sportive ou autre. Il faut justifier au minimum de 6 ann\u00e9es d\u2019engagement b\u00e9n\u00e9vole pour pr\u00e9tendre \u00e0 la m\u00e9daille de bronze.<\/li>\n<\/ul>\n<\/li>\n<\/ol>\n\n\n<div class=\"wp-block-columns is-layout-flex wp-container-core-columns-is-layout-28f84493 wp-block-columns-is-layout-flex\">\n<div class=\"wp-block-column is-layout-flow wp-block-column-is-layout-flow\">\n<p style=\"text-align: center;\"><strong>Dossier<\/strong><\/p>\n\n\n\n<ul class=\"wp-block-list\">\n<li><a href=\"https:\/\/codepaube-ffvelo.fr\/adminpdf\/recompenses\/validation_recompenses_2020.pdf\" data-type=\"URL\" data-id=\"https:\/\/codepaube-ffvelo.fr\/adminpdf\/recompenses\/validation_recompenses_2020.pdf\" target=\"_blank\" rel=\"noreferrer noopener\">T\u00e9l\u00e9charger<\/a><\/li>\n<\/ul>\n<\/div>\n\n\n\n<div class=\"wp-block-column is-layout-flow wp-block-column-is-layout-flow\">\n<p style=\"text-align: center;\"><strong>Cahier des Charges<\/strong><\/p>\n\n\n\n<ul class=\"wp-block-list\">\n<li><a href=\"https:\/\/codepaube-ffvelo.fr\/adminpdf\/recompenses\/cahier_charges.pdf\" data-type=\"URL\" data-id=\"https:\/\/codepaube-ffvelo.fr\/adminpdf\/recompenses\/cahier_charges.pdf\" target=\"_blank\" rel=\"noreferrer noopener\">T\u00e9l\u00e9charger<\/a><\/li>\n<\/ul>\n<\/div>\n<\/div>\n\n\n<p><span>Les dossiers de proposition de candidature r\u00e9dig\u00e9s par un tiers, peuvent \u00eatre retir\u00e9s \u00e0 la direction d\u00e9partementale de la coh\u00e9sion sociale et de la protection des populations de l\u2019Aube (DDCSPP de l\u2019Aube).<\/span><\/p>\n<p><b>MODE D\u2019EMPLOI \u00ab\u00a0MODULE R\u00c9COMPENSES\u00a0\u00bb<\/b><br \/><span>Oubli\u00e9es les demandes de r\u00e9compenses au format \u00ab\u00a0papier\u00a0\u00bb ! L\u2019attribution et la validation des r\u00e9compenses se feront d\u00e9sormais uniquement et obligatoirement par l\u2019espace de gestion du Club, des CODEP et des COREG. Comme auparavant avec les demandes \u00ab\u00a0papiers\u00a0\u00bb, la validation devra se faire par le CODEP, puis par le COREG (sauf pour le M\u00e9rite : validation par le CODEP uniquement). Le principe retenu est le m\u00eame que celui du OIN.<\/span><br \/><span>Pour r\u00e9aliser la saisie d\u2019une r\u00e9compense par un CLUB\/CODEP\/COREG : ce dernier devra se connecter sur son espace \u00ab\u00a0gestionnaire\u00a0\u00bb avec son identifiant et mot de passe.<\/span><br \/><a href=\"https:\/\/codepaube-ffvelo.fr\/admin\/pdf\/recompenses\/validation_recompenses_2020.pdf\" target=\"_blank\" rel=\"noopener\">Voir \u00ab\u00a0Mode op\u00e9ratoire saisie &#8211; Validation r\u00e9compenses CLUB-CODEP-COREG<\/a><\/p>\n\n\n<div class=\"wp-block-columns is-layout-flex wp-container-core-columns-is-layout-28f84493 wp-block-columns-is-layout-flex\">\n<div class=\"wp-block-column is-layout-flow wp-block-column-is-layout-flow\" style=\"flex-basis:50%\">\n<p style=\"text-align: center;\"><strong>Modalit\u00e9<\/strong><\/p>\n\n\n\n<ul class=\"wp-block-list\">\n<li><a href=\"https:\/\/codepaube-ffvelo.fr\/adminpdf\/recompenses\/modalites_attribution.pdf\" data-type=\"URL\" data-id=\"https:\/\/codepaube-ffvelo.fr\/adminpdf\/recompenses\/modalites_attribution.pdf\" target=\"_blank\" rel=\"noreferrer noopener\">T\u00e9l\u00e9charger<\/a><\/li>\n<\/ul>\n<\/div>\n\n\n\n<div class=\"wp-block-column is-layout-flow wp-block-column-is-layout-flow\" style=\"flex-basis:50%\">\n<p style=\"text-align: center;\"><strong>Dossier<\/strong><\/p>\n\n\n\n<ul class=\"wp-block-list\">\n<li><a href=\"https:\/\/codepaube-ffvelo.fr\/adminpdf\/recompenses\/dossier_propo.pdf\" data-type=\"URL\" data-id=\"https:\/\/codepaube-ffvelo.fr\/adminpdf\/recompenses\/dossier_propo.pdf\" target=\"_blank\" rel=\"noreferrer noopener\">T\u00e9l\u00e9charger<\/a><\/li>\n<\/ul>\n<\/div>\n<\/div>\n\n\n<p>\u00a0<\/p>\n<h3><strong>Rallye l\u2019Aube \u00e0 v\u00e9lo 2022 : Liste des r\u00e9cipiendaires \/ Classement des clubs<\/strong><\/h3>\n<p><br \/><strong>1\/ Cyclos ayant effectu\u00e9 les 24 parcours en 1, 2 ou 3 ans.<\/strong><br \/><strong>Circuits r\u00e9alis\u00e9s en 1 an :<\/strong><\/p>\n<ul>\n<li>A.C. Germinoise : Fran\u00e7ois COSCARELLI &#8211; Patrick LUDWIG &#8211; Philippe MICHEAU<\/li>\n<li>A.S. Barberey : Jean\u2010Paul LAMOTTE &#8211; Jean\u2010Claude LEHAILLER<\/li>\n<li>ASEGA : Gilles RENAUD<\/li>\n<li>Audax Club Troyen : G\u00e9rald PAILLARD<\/li>\n<li>Br\u00e9viandes : Fabien BERNOT<\/li>\n<li>CCTS : \u00c9lisabeth ROBIN &#8211; Christine VAN LINTHOUT<\/li>\n<li>V.C. Sanc\u00e9en : Alain CARTIER &#8211; Danielle CHAUMONT &#8211; Jean\u2010Claude GLINEUR &#8211; Dominique GODOT &#8211; Bernard HAMON &#8211; Liliane LAUNAY &#8211; Pascale LEHAILLIER &#8211; G\u00e9rard MARNAT &#8211; William OFFIARA &#8211; Brigitte POURILLE &#8211; Jean\u2010Pierre LAUNAY<\/li>\n<\/ul>\n<p><strong>Circuits r\u00e9alis\u00e9s en 2 ans<\/strong><\/p>\n<ul>\n<li>A.C. Germinoise : \u2010 Dominique ALLOT<\/li>\n<li>V.C. Sanc\u00e9en : Claudie HAMON &#8211; Annie ODIN &#8211; Patrice ODIN<\/li>\n<\/ul>\n<p><strong>Circuits r\u00e9alis\u00e9s en 3 ans<\/strong><\/p>\n<ul>\n<li>CCTS : \u00c9velyne FABER<\/li>\n<li>V.C. Sanc\u00e9en : G\u00e9rard DREZET &#8211; Jacqueline DUFOUR &#8211; Serge DUFOUR &#8211; Anne PAUL<\/li>\n<\/ul>\n<p><strong>2\/ Classement des clubs<\/strong><\/p>\n<p><br \/>1\u2010 V.C. Sanc\u00e9en : 636 points<br \/>2\u2010 AS Barberey : 143 points<br \/>3\u2010 AC Germinoise : 139 points<br \/>4\u2010 Br\u00e9viandes : 89 points<br \/>5\u2010 Rosi\u00e8res : 72 points<br \/>6\u2010 CCTS : 58 points<br \/>7\u2010 Audax Club Troyen : 24 points<br \/>7- ASEGA : 24 points<\/p>\n\n\n<figure class=\"wp-block-image size-large is-style-default\"><img loading=\"lazy\" decoding=\"async\" width=\"1024\" height=\"592\" src=\"https:\/\/codepaube-ffvelo.fr\/admin0\/wp-content\/uploads\/2022\/04\/220122_AubeAVelo_EE-1024x592.jpg\" alt=\"\" class=\"wp-image-419\" srcset=\"https:\/\/codepaube-ffvelo.fr\/admin0\/wp-content\/uploads\/2022\/04\/220122_AubeAVelo_EE-1024x592.jpg 1024w, https:\/\/codepaube-ffvelo.fr\/admin0\/wp-content\/uploads\/2022\/04\/220122_AubeAVelo_EE-300x174.jpg 300w, https:\/\/codepaube-ffvelo.fr\/admin0\/wp-content\/uploads\/2022\/04\/220122_AubeAVelo_EE-768x444.jpg 768w, https:\/\/codepaube-ffvelo.fr\/admin0\/wp-content\/uploads\/2022\/04\/220122_AubeAVelo_EE-1536x889.jpg 1536w, https:\/\/codepaube-ffvelo.fr\/admin0\/wp-content\/uploads\/2022\/04\/220122_AubeAVelo_EE.jpg 1654w\" sizes=\"auto, (max-width: 1024px) 100vw, 1024px\" \/><\/figure>\n","protected":false},"excerpt":{"rendered":"<p>Les clubs cyclotouristes aubois rassemblent pr\u00e8s de 800 licenci\u00e9s, ils fonctionnent gr\u00e2ce au d\u00e9vouement d\u2019un certain nombre de b\u00e9n\u00e9voles, ils \u0153uvrent souvent depuis des ann\u00e9es au sein de leurs associations.Le CODEP 10 de cyclotourisme souhaite inciter les clubs \u00e0 r\u00e9compenser leurs b\u00e9n\u00e9voles en demandant l\u2019attribution de distinctions honorifiques (dipl\u00f4mes et m\u00e9dailles).Cr\u00e9\u00e9s en 1953 par la [&hellip;]<\/p>\n","protected":false},"author":9,"featured_media":1027,"parent":0,"menu_order":0,"comment_status":"closed","ping_status":"closed","template":"","meta":{"footnotes":""},"class_list":["post-126","page","type-page","status-publish","has-post-thumbnail","hentry"],"_links":{"self":[{"href":"https:\/\/codepaube-ffvelo.fr\/admin0\/wp-json\/wp\/v2\/pages\/126","targetHints":{"allow":["GET"]}}],"collection":[{"href":"https:\/\/codepaube-ffvelo.fr\/admin0\/wp-json\/wp\/v2\/pages"}],"about":[{"href":"https:\/\/codepaube-ffvelo.fr\/admin0\/wp-json\/wp\/v2\/types\/page"}],"author":[{"embeddable":true,"href":"https:\/\/codepaube-ffvelo.fr\/admin0\/wp-json\/wp\/v2\/users\/9"}],"replies":[{"embeddable":true,"href":"https:\/\/codepaube-ffvelo.fr\/admin0\/wp-json\/wp\/v2\/comments?post=126"}],"version-history":[{"count":16,"href":"https:\/\/codepaube-ffvelo.fr\/admin0\/wp-json\/wp\/v2\/pages\/126\/revisions"}],"predecessor-version":[{"id":1029,"href":"https:\/\/codepaube-ffvelo.fr\/admin0\/wp-json\/wp\/v2\/pages\/126\/revisions\/1029"}],"wp:featuredmedia":[{"embeddable":true,"href":"https:\/\/codepaube-ffvelo.fr\/admin0\/wp-json\/wp\/v2\/media\/1027"}],"wp:attachment":[{"href":"https:\/\/codepaube-ffvelo.fr\/admin0\/wp-json\/wp\/v2\/media?parent=126"}],"curies":[{"name":"wp","href":"https:\/\/api.w.org\/{rel}","templated":true}]}}